{"id":470,"date":"2026-02-19T09:54:29","date_gmt":"2026-02-19T08:54:29","guid":{"rendered":"https:\/\/avenirs-esr.fr\/cofolio\/?page_id=470"},"modified":"2026-02-26T11:12:12","modified_gmt":"2026-02-26T10:12:12","slug":"positionnement-dans-lesr","status":"publish","type":"page","link":"https:\/\/avenirs-esr.fr\/cofolio\/decouvrir-la-vision-du-e-portfolio-cofolio-avenirs-esr-et-plus\/positionnement-dans-lesr\/","title":{"rendered":"Positionnement dans l&rsquo;ESR"},"content":{"rendered":"<p>[et_pb_section fb_built=\u00a0\u00bb1&Prime; _builder_version=\u00a0\u00bb4.27.5&Prime; _module_preset=\u00a0\u00bbdefault\u00a0\u00bb background_color=\u00a0\u00bb#f6f8f9&Prime; custom_padding=\u00a0\u00bb30px||32px|||\u00a0\u00bb da_disable_devices=\u00a0\u00bboff|off|off\u00a0\u00bb saved_tabs=\u00a0\u00bball\u00a0\u00bb global_colors_info=\u00a0\u00bb{}\u00a0\u00bb da_is_popup=\u00a0\u00bboff\u00a0\u00bb da_exit_intent=\u00a0\u00bboff\u00a0\u00bb da_has_close=\u00a0\u00bbon\u00a0\u00bb da_alt_close=\u00a0\u00bboff\u00a0\u00bb da_dark_close=\u00a0\u00bboff\u00a0\u00bb da_not_modal=\u00a0\u00bbon\u00a0\u00bb da_is_singular=\u00a0\u00bboff\u00a0\u00bb da_with_loader=\u00a0\u00bboff\u00a0\u00bb da_has_shadow=\u00a0\u00bbon\u00a0\u00bb][et_pb_row use_custom_gutter=\u00a0\u00bbon\u00a0\u00bb gutter_width=\u00a0\u00bb1&Prime; _builder_version=\u00a0\u00bb4.27.5&Prime; _module_preset=\u00a0\u00bbdefault\u00a0\u00bb max_width=\u00a0\u00bb1440px\u00a0\u00bb module_alignment=\u00a0\u00bbcenter\u00a0\u00bb custom_margin=\u00a0\u00bb||||false|false\u00a0\u00bb custom_padding=\u00a0\u00bb||||false|false\u00a0\u00bb global_colors_info=\u00a0\u00bb{}\u00a0\u00bb][et_pb_column type=\u00a0\u00bb4_4&Prime; _builder_version=\u00a0\u00bb4.27.5&Prime; _module_preset=\u00a0\u00bbdefault\u00a0\u00bb global_colors_info=\u00a0\u00bb{}\u00a0\u00bb][et_pb_text _builder_version=\u00a0\u00bb4.27.5&Prime; _module_preset=\u00a0\u00bbdefault\u00a0\u00bb text_font=\u00a0\u00bb||||||||\u00a0\u00bb header_font=\u00a0\u00bb|700|||||||\u00a0\u00bb global_colors_info=\u00a0\u00bb{}\u00a0\u00bb]<\/p>\n<h1 style=\"text-align: left;\"><span style=\"color: #333399;\">Positionnement dans l&rsquo;ESR<\/span><\/h1>\n<p>[\/et_pb_text][\/et_pb_column][\/et_pb_row][\/et_pb_section][et_pb_section fb_built=\u00a0\u00bb1&Prime; _builder_version=\u00a0\u00bb4.27.5&Prime; _module_preset=\u00a0\u00bbdefault\u00a0\u00bb da_disable_devices=\u00a0\u00bboff|off|off\u00a0\u00bb global_colors_info=\u00a0\u00bb{}\u00a0\u00bb da_is_popup=\u00a0\u00bboff\u00a0\u00bb da_exit_intent=\u00a0\u00bboff\u00a0\u00bb da_has_close=\u00a0\u00bbon\u00a0\u00bb da_alt_close=\u00a0\u00bboff\u00a0\u00bb da_dark_close=\u00a0\u00bboff\u00a0\u00bb da_not_modal=\u00a0\u00bbon\u00a0\u00bb da_is_singular=\u00a0\u00bboff\u00a0\u00bb da_with_loader=\u00a0\u00bboff\u00a0\u00bb da_has_shadow=\u00a0\u00bbon\u00a0\u00bb][et_pb_row _builder_version=\u00a0\u00bb4.27.5&Prime; _module_preset=\u00a0\u00bbdefault\u00a0\u00bb max_width=\u00a0\u00bb1400px\u00a0\u00bb global_colors_info=\u00a0\u00bb{}\u00a0\u00bb][et_pb_column type=\u00a0\u00bb4_4&Prime; _builder_version=\u00a0\u00bb4.27.5&Prime; _module_preset=\u00a0\u00bbdefault\u00a0\u00bb global_colors_info=\u00a0\u00bb{}\u00a0\u00bb][et_pb_text _builder_version=\u00a0\u00bb4.27.5&Prime; _module_preset=\u00a0\u00bbdefault\u00a0\u00bb hover_enabled=\u00a0\u00bb0&Prime; global_colors_info=\u00a0\u00bb{}\u00a0\u00bb sticky_enabled=\u00a0\u00bb0&Prime;]<\/p>\n<p>L\u2019\u00c9tat, comme l\u2019a rappel\u00e9 le secr\u00e9taire du <strong>SGPI<\/strong> lors du <a href=\"https:\/\/avenirs-esr.fr\/blog\/2025\/12\/05\/retours-sur-les-journees-detudes-avenirs-esr-2025\/\">discours de cl\u00f4ture des journ\u00e9es d\u2019\u00e9tudes 2025 ESR du programme AVENIR(s)<\/a>, souhaite qu\u2019un maximum d\u2019\u00e9tablissements s\u2019approprient cet outil.<\/p>\n<p>Toutefois, cette solution CoFolio n\u2019est <strong>pas impos\u00e9e<\/strong> <strong>mais propos\u00e9e<\/strong> aux \u00e9tablissements.<\/p>\n<p>Elle est d\u00e9velopp\u00e9e <strong>par les acteurs de l\u2019ESR, pour l\u2019ESR<\/strong> (et pour les autres minist\u00e8res), en s\u2019appuyant sur l\u2019association Esup-Portail, acteurs forts du num\u00e9rique <strong>open source<\/strong> acad\u00e9mique en France.<\/p>\n<p>[\/et_pb_text][\/et_pb_column][\/et_pb_row][\/et_pb_section][et_pb_section fb_built=\u00a0\u00bb1&Prime; _builder_version=\u00a0\u00bb4.27.5&Prime; _module_preset=\u00a0\u00bbdefault\u00a0\u00bb custom_padding=\u00a0\u00bb19px||24px|||\u00a0\u00bb da_disable_devices=\u00a0\u00bboff|off|off\u00a0\u00bb border_width_top=\u00a0\u00bb1px\u00a0\u00bb border_color_top=\u00a0\u00bbrgba(0,0,0,0.09)\u00a0\u00bb border_width_bottom=\u00a0\u00bb1px\u00a0\u00bb border_color_bottom=\u00a0\u00bbrgba(0,0,0,0.1)\u00a0\u00bb global_module=\u00a0\u00bb68&Prime; saved_tabs=\u00a0\u00bball\u00a0\u00bb global_colors_info=\u00a0\u00bb{}\u00a0\u00bb da_is_popup=\u00a0\u00bboff\u00a0\u00bb da_exit_intent=\u00a0\u00bboff\u00a0\u00bb da_has_close=\u00a0\u00bbon\u00a0\u00bb da_alt_close=\u00a0\u00bboff\u00a0\u00bb da_dark_close=\u00a0\u00bboff\u00a0\u00bb da_not_modal=\u00a0\u00bbon\u00a0\u00bb da_is_singular=\u00a0\u00bboff\u00a0\u00bb da_with_loader=\u00a0\u00bboff\u00a0\u00bb da_has_shadow=\u00a0\u00bbon\u00a0\u00bb][et_pb_row column_structure=\u00a0\u00bb1_5,3_5,1_5&Prime; _builder_version=\u00a0\u00bb4.27.5&Prime; _module_preset=\u00a0\u00bbdefault\u00a0\u00bb max_width=\u00a0\u00bb2560px\u00a0\u00bb custom_margin=\u00a0\u00bb10px||||false|false\u00a0\u00bb custom_padding=\u00a0\u00bb||19px|||\u00a0\u00bb border_width_top=\u00a0\u00bb0px\u00a0\u00bb global_colors_info=\u00a0\u00bb{}\u00a0\u00bb][et_pb_column type=\u00a0\u00bb1_5&Prime; _builder_version=\u00a0\u00bb4.27.5&Prime; _module_preset=\u00a0\u00bbdefault\u00a0\u00bb global_colors_info=\u00a0\u00bb{}\u00a0\u00bb][et_pb_text _builder_version=\u00a0\u00bb4.27.5&Prime; _module_preset=\u00a0\u00bbdefault\u00a0\u00bb global_colors_info=\u00a0\u00bb{}\u00a0\u00bb]<\/p>\n<p><a href=\"https:\/\/avenirs-esr.fr\/cofolio\/wp-content\/uploads\/sites\/5\/2026\/01\/cofolio.svg\"><img decoding=\"async\" src=\"https:\/\/avenirs-esr.fr\/cofolio\/wp-content\/uploads\/sites\/5\/2026\/01\/cofolio.svg\" width=\"undefined\" height=\"undefined\" alt=\"logo CoFolio avec baseline D\u00e9velopper et valoriser les comp\u00e9tences e-portfolio AVENIR(s) ESR\" class=\"wp-image-162 aligncenter size-full\" \/><\/a><\/p>\n<p>[\/et_pb_text][\/et_pb_column][et_pb_column type=\u00a0\u00bb3_5&Prime; _builder_version=\u00a0\u00bb4.27.5&Prime; _module_preset=\u00a0\u00bbdefault\u00a0\u00bb global_colors_info=\u00a0\u00bb{}\u00a0\u00bb][et_pb_text _builder_version=\u00a0\u00bb4.27.5&Prime; _module_preset=\u00a0\u00bbdefault\u00a0\u00bb text_font_size=\u00a0\u00bb12px\u00a0\u00bb text_line_height=\u00a0\u00bb1.6em\u00a0\u00bb custom_margin=\u00a0\u00bb5px|||-14px||\u00a0\u00bb custom_padding=\u00a0\u00bb|27px||27px|false|true\u00a0\u00bb border_color_right=\u00a0\u00bbrgba(0,22,124,0.17)\u00a0\u00bb border_color_left=\u00a0\u00bbrgba(0,22,124,0.17)\u00a0\u00bb global_colors_info=\u00a0\u00bb{}\u00a0\u00bb]<\/p>\n<p><a href=\"https:\/\/avenirs-esr.fr\/cofolio\/wp-content\/uploads\/sites\/5\/2026\/01\/logosAnrFr2030Avenirsv2.png\"><img loading=\"lazy\" decoding=\"async\" src=\"https:\/\/avenirs-esr.fr\/cofolio\/wp-content\/uploads\/sites\/5\/2026\/01\/logosAnrFr2030Avenirsv2-1024x749.png\" width=\"248\" height=\"181\" alt=\"\" class=\"wp-image-160 alignleft size-large\" \/><\/a><a href=\"https:\/\/avenirs-esr.fr\/cofolio\/wp-content\/uploads\/sites\/5\/2026\/01\/logosAnrFr2030Avenis.png\"><\/a>Le d\u00e9veloppement de l&rsquo;application CoFolio a \u00e9t\u00e9 r\u00e9alis\u00e9 dans le cadre du Programme AVENIR(s) France 2030. Ce travail a b\u00e9n\u00e9fici\u00e9 d&rsquo;une aide de l\u2019\u00c9tat g\u00e9r\u00e9e par l&rsquo;Agence Nationale de la Recherche au titre du programme d\u2019investissements d\u2019avenir int\u00e9gr\u00e9 \u00e0 France 2030, portant la r\u00e9f\u00e9rence ANR-21-DMAV-0001<\/p>\n<p>[\/et_pb_text][\/et_pb_column][et_pb_column type=\u00a0\u00bb1_5&Prime; _builder_version=\u00a0\u00bb4.27.5&Prime; _module_preset=\u00a0\u00bbdefault\u00a0\u00bb global_colors_info=\u00a0\u00bb{}\u00a0\u00bb][et_pb_text _builder_version=\u00a0\u00bb4.27.5&Prime; _module_preset=\u00a0\u00bbdefault\u00a0\u00bb text_font_size=\u00a0\u00bb12px\u00a0\u00bb text_line_height=\u00a0\u00bb1.4em\u00a0\u00bb global_colors_info=\u00a0\u00bb{}\u00a0\u00bb]<a href=\"https:\/\/avenirs-esr.fr\/cofolio\/wp-content\/uploads\/sites\/5\/2026\/01\/logo-esup-portail.svg\"><img loading=\"lazy\" decoding=\"async\" src=\"https:\/\/avenirs-esr.fr\/cofolio\/wp-content\/uploads\/sites\/5\/2026\/01\/logo-esup-portail.svg\" width=\"132\" height=\"55\" alt=\"\" class=\"wp-image-67 alignleft size-full\" \/><\/a><\/p>\n<p>&nbsp;<\/p>\n<p>&nbsp;<\/p>\n<p>D\u00e9velopp\u00e9 par l&rsquo;association Esup-portail \u00e0 travers ses membres.<\/p>\n<p>CoFolio sera disponible en offre SAAS \u00e0 partir de 2028.[\/et_pb_text][\/et_pb_column][\/et_pb_row][\/et_pb_section][et_pb_section fb_built=\u00a0\u00bb1&Prime; _builder_version=\u00a0\u00bb4.27.5&Prime; _module_preset=\u00a0\u00bbdefault\u00a0\u00bb custom_padding=\u00a0\u00bb16px||7px|||\u00a0\u00bb da_disable_devices=\u00a0\u00bboff|off|off\u00a0\u00bb global_module=\u00a0\u00bb201&Prime; saved_tabs=\u00a0\u00bball\u00a0\u00bb global_colors_info=\u00a0\u00bb{}\u00a0\u00bb da_is_popup=\u00a0\u00bboff\u00a0\u00bb da_exit_intent=\u00a0\u00bboff\u00a0\u00bb da_has_close=\u00a0\u00bbon\u00a0\u00bb da_alt_close=\u00a0\u00bboff\u00a0\u00bb da_dark_close=\u00a0\u00bboff\u00a0\u00bb da_not_modal=\u00a0\u00bbon\u00a0\u00bb da_is_singular=\u00a0\u00bboff\u00a0\u00bb da_with_loader=\u00a0\u00bboff\u00a0\u00bb da_has_shadow=\u00a0\u00bbon\u00a0\u00bb][et_pb_row _builder_version=\u00a0\u00bb4.27.5&Prime; _module_preset=\u00a0\u00bbdefault\u00a0\u00bb width=\u00a0\u00bb100%\u00a0\u00bb max_width=\u00a0\u00bb2228px\u00a0\u00bb custom_padding=\u00a0\u00bb18px||16px|||\u00a0\u00bb global_colors_info=\u00a0\u00bb{}\u00a0\u00bb][et_pb_column type=\u00a0\u00bb4_4&Prime; _builder_version=\u00a0\u00bb4.27.5&Prime; _module_preset=\u00a0\u00bbdefault\u00a0\u00bb global_colors_info=\u00a0\u00bb{}\u00a0\u00bb][et_pb_text _builder_version=\u00a0\u00bb4.27.5&Prime; _module_preset=\u00a0\u00bbdefault\u00a0\u00bb text_orientation=\u00a0\u00bbcenter\u00a0\u00bb global_colors_info=\u00a0\u00bb{}\u00a0\u00bb]<\/p>\n<p>Site officiel de la solution <strong>e-portfolio CoFolio<\/strong> I Design <strong>USMB<\/strong> 2026\u00a0<\/p>\n<p>[\/et_pb_text][\/et_pb_column][\/et_pb_row][\/et_pb_section]<\/p>\n","protected":false},"excerpt":{"rendered":"<p>Positionnement dans l&rsquo;ESRL\u2019\u00c9tat, comme l\u2019a rappel\u00e9 le secr\u00e9taire du SGPI lors du discours de cl\u00f4ture des journ\u00e9es d\u2019\u00e9tudes 2025 ESR du programme AVENIR(s), souhaite qu\u2019un maximum d\u2019\u00e9tablissements s\u2019approprient cet outil. Toutefois, cette solution CoFolio n\u2019est pas impos\u00e9e mais propos\u00e9e aux \u00e9tablissements. Elle est d\u00e9velopp\u00e9e par les acteurs de l\u2019ESR, pour l\u2019ESR (et pour les autres [&hellip;]<\/p>\n","protected":false},"author":9,"featured_media":0,"parent":285,"menu_order":0,"comment_status":"closed","ping_status":"closed","template":"","meta":{"_et_pb_use_builder":"on","_et_pb_old_content":"","_et_gb_content_width":"","footnotes":""},"class_list":["post-470","page","type-page","status-publish","hentry"],"aioseo_notices":[],"_links":{"self":[{"href":"https:\/\/avenirs-esr.fr\/cofolio\/wp-json\/wp\/v2\/pages\/470","targetHints":{"allow":["GET"]}}],"collection":[{"href":"https:\/\/avenirs-esr.fr\/cofolio\/wp-json\/wp\/v2\/pages"}],"about":[{"href":"https:\/\/avenirs-esr.fr\/cofolio\/wp-json\/wp\/v2\/types\/page"}],"author":[{"embeddable":true,"href":"https:\/\/avenirs-esr.fr\/cofolio\/wp-json\/wp\/v2\/users\/9"}],"replies":[{"embeddable":true,"href":"https:\/\/avenirs-esr.fr\/cofolio\/wp-json\/wp\/v2\/comments?post=470"}],"version-history":[{"count":18,"href":"https:\/\/avenirs-esr.fr\/cofolio\/wp-json\/wp\/v2\/pages\/470\/revisions"}],"predecessor-version":[{"id":1117,"href":"https:\/\/avenirs-esr.fr\/cofolio\/wp-json\/wp\/v2\/pages\/470\/revisions\/1117"}],"up":[{"embeddable":true,"href":"https:\/\/avenirs-esr.fr\/cofolio\/wp-json\/wp\/v2\/pages\/285"}],"wp:attachment":[{"href":"https:\/\/avenirs-esr.fr\/cofolio\/wp-json\/wp\/v2\/media?parent=470"}],"curies":[{"name":"wp","href":"https:\/\/api.w.org\/{rel}","templated":true}]}}

<p>[et_pb_section fb_built= »1&Prime; _builder_version= »4.27.5&Prime; _module_preset= »default » background_color= »#f6f8f9&Prime; custom_padding= »30px||32px||| » da_disable_devices= »off|off|off » saved_tabs= »all » global_colors_info= »{} » da_is_popup= »off » da_exit_intent= »off » da_has_close= »on » da_alt_close= »off » da_dark_close= »off » da_not_modal= »on » da_is_singular= »off » da_with_loader= »off » da_has_shadow= »on »][et_pb_row use_custom_gutter= »on » gutter_width= »1&Prime; _builder_version= »4.27.5&Prime; _module_preset= »default » max_width= »1440px » module_alignment= »center » custom_margin= »||||false|false » custom_padding= »||||false|false » global_colors_info= »{} »][et_pb_column type= »4_4&Prime; _builder_version= »4.27.5&Prime; _module_preset= »default » global_colors_info= »{} »][et_pb_text _builder_version= »4.27.5&Prime; _module_preset= »default » text_font= »|||||||| » header_font= »|700||||||| » global_colors_info= »{} »]</p>
<h1 style="text-align: left;"><span style="color: #333399;">Positionnement dans l&rsquo;ESR</span></h1>
<p>[/et_pb_text][/et_pb_column][/et_pb_row][/et_pb_section][et_pb_section fb_built= »1&Prime; _builder_version= »4.27.5&Prime; _module_preset= »default » da_disable_devices= »off|off|off » global_colors_info= »{} » da_is_popup= »off » da_exit_intent= »off » da_has_close= »on » da_alt_close= »off » da_dark_close= »off » da_not_modal= »on » da_is_singular= »off » da_with_loader= »off » da_has_shadow= »on »][et_pb_row _builder_version= »4.27.5&Prime; _module_preset= »default » max_width= »1400px » global_colors_info= »{} »][et_pb_column type= »4_4&Prime; _builder_version= »4.27.5&Prime; _module_preset= »default » global_colors_info= »{} »][et_pb_text _builder_version= »4.27.5&Prime; _module_preset= »default » hover_enabled= »0&Prime; global_colors_info= »{} » sticky_enabled= »0&Prime;]</p>
<p>L’État, comme l’a rappelé le secrétaire du <strong>SGPI</strong> lors du <a href="https://avenirs-esr.fr/blog/2025/12/05/retours-sur-les-journees-detudes-avenirs-esr-2025/">discours de clôture des journées d’études 2025 ESR du programme AVENIR(s)</a>, souhaite qu’un maximum d’établissements s’approprient cet outil.</p>
<p>Toutefois, cette solution CoFolio n’est <strong>pas imposée</strong> <strong>mais proposée</strong> aux établissements.</p>
<p>Elle est développée <strong>par les acteurs de l’ESR, pour l’ESR</strong> (et pour les autres ministères), en s’appuyant sur l’association Esup-Portail, acteurs forts du numérique <strong>open source</strong> académique en France.</p>
<p>[/et_pb_text][/et_pb_column][/et_pb_row][/et_pb_section][et_pb_section fb_built= »1&Prime; _builder_version= »4.27.5&Prime; _module_preset= »default » custom_padding= »19px||24px||| » da_disable_devices= »off|off|off » border_width_top= »1px » border_color_top= »rgba(0,0,0,0.09) » border_width_bottom= »1px » border_color_bottom= »rgba(0,0,0,0.1) » global_module= »68&Prime; saved_tabs= »all » global_colors_info= »{} » da_is_popup= »off » da_exit_intent= »off » da_has_close= »on » da_alt_close= »off » da_dark_close= »off » da_not_modal= »on » da_is_singular= »off » da_with_loader= »off » da_has_shadow= »on »][et_pb_row column_structure= »1_5,3_5,1_5&Prime; _builder_version= »4.27.5&Prime; _module_preset= »default » max_width= »2560px » custom_margin= »10px||||false|false » custom_padding= »||19px||| » border_width_top= »0px » global_colors_info= »{} »][et_pb_column type= »1_5&Prime; _builder_version= »4.27.5&Prime; _module_preset= »default » global_colors_info= »{} »][et_pb_text _builder_version= »4.27.5&Prime; _module_preset= »default » global_colors_info= »{} »]</p>
<p><a href="https://avenirs-esr.fr/cofolio/wp-content/uploads/sites/5/2026/01/cofolio.svg"><img decoding="async" src="https://avenirs-esr.fr/cofolio/wp-content/uploads/sites/5/2026/01/cofolio.svg" width="undefined" height="undefined" alt="logo CoFolio avec baseline Développer et valoriser les compétences e-portfolio AVENIR(s) ESR" class="wp-image-162 aligncenter size-full" /></a></p>
<p>[/et_pb_text][/et_pb_column][et_pb_column type= »3_5&Prime; _builder_version= »4.27.5&Prime; _module_preset= »default » global_colors_info= »{} »][et_pb_text _builder_version= »4.27.5&Prime; _module_preset= »default » text_font_size= »12px » text_line_height= »1.6em » custom_margin= »5px|||-14px|| » custom_padding= »|27px||27px|false|true » border_color_right= »rgba(0,22,124,0.17) » border_color_left= »rgba(0,22,124,0.17) » global_colors_info= »{} »]</p>
<p><a href="https://avenirs-esr.fr/cofolio/wp-content/uploads/sites/5/2026/01/logosAnrFr2030Avenirsv2.png"><img loading="lazy" decoding="async" src="https://avenirs-esr.fr/cofolio/wp-content/uploads/sites/5/2026/01/logosAnrFr2030Avenirsv2-1024x749.png" width="248" height="181" alt="" class="wp-image-160 alignleft size-large" /></a><a href="https://avenirs-esr.fr/cofolio/wp-content/uploads/sites/5/2026/01/logosAnrFr2030Avenis.png"></a>Le développement de l&rsquo;application CoFolio a été réalisé dans le cadre du Programme AVENIR(s) France 2030. Ce travail a bénéficié d&rsquo;une aide de l’État gérée par l&rsquo;Agence Nationale de la Recherche au titre du programme d’investissements d’avenir intégré à France 2030, portant la référence ANR-21-DMAV-0001</p>
<p>[/et_pb_text][/et_pb_column][et_pb_column type= »1_5&Prime; _builder_version= »4.27.5&Prime; _module_preset= »default » global_colors_info= »{} »][et_pb_text _builder_version= »4.27.5&Prime; _module_preset= »default » text_font_size= »12px » text_line_height= »1.4em » global_colors_info= »{} »]<a href="https://avenirs-esr.fr/cofolio/wp-content/uploads/sites/5/2026/01/logo-esup-portail.svg"><img loading="lazy" decoding="async" src="https://avenirs-esr.fr/cofolio/wp-content/uploads/sites/5/2026/01/logo-esup-portail.svg" width="132" height="55" alt="" class="wp-image-67 alignleft size-full" /></a></p>
<p>&nbsp;</p>
<p>&nbsp;</p>
<p>Développé par l&rsquo;association Esup-portail à travers ses membres.</p>
<p>CoFolio sera disponible en offre SAAS à partir de 2028.[/et_pb_text][/et_pb_column][/et_pb_row][/et_pb_section][et_pb_section fb_built= »1&Prime; _builder_version= »4.27.5&Prime; _module_preset= »default » custom_padding= »16px||7px||| » da_disable_devices= »off|off|off » global_module= »201&Prime; saved_tabs= »all » global_colors_info= »{} » da_is_popup= »off » da_exit_intent= »off » da_has_close= »on » da_alt_close= »off » da_dark_close= »off » da_not_modal= »on » da_is_singular= »off » da_with_loader= »off » da_has_shadow= »on »][et_pb_row _builder_version= »4.27.5&Prime; _module_preset= »default » width= »100% » max_width= »2228px » custom_padding= »18px||16px||| » global_colors_info= »{} »][et_pb_column type= »4_4&Prime; _builder_version= »4.27.5&Prime; _module_preset= »default » global_colors_info= »{} »][et_pb_text _builder_version= »4.27.5&Prime; _module_preset= »default » text_orientation= »center » global_colors_info= »{} »]</p>
<p>Site officiel de la solution <strong>e-portfolio CoFolio</strong> I Design <strong>USMB</strong> 2026 </p>
<p>[/et_pb_text][/et_pb_column][/et_pb_row][/et_pb_section]</p>

<p>Positionnement dans l&rsquo;ESRL’État, comme l’a rappelé le secrétaire du SGPI lors du discours de clôture des journées d’études 2025 ESR du programme AVENIR(s), souhaite qu’un maximum d’établissements s’approprient cet outil. Toutefois, cette solution CoFolio n’est pas imposée mais proposée aux établissements. Elle est développée par les acteurs de l’ESR, pour l’ESR (et pour les autres [&hellip;]</p>
